vided by w(4)?
37
Suppose 5*q = 0, -7*q + 2*q - 60 = -3*d. Calculate the remainder when 39 is divided by d.
19
Suppose -5*g + 11 = -14. Suppose -3*l - 9 = -5*p, -15 + 0 = -g*p + 5*l. Suppose 5*n = 45 - p. Calculate the remainder when 16 is divided by n.
7
What is the remainder when 54 is divided by ((-13)/(-39))/(2/84)?
12
Suppose -8*g + 3*g = 30. Calculate the remainder when (-204)/(-9) - (-4)/g is divided by 5.
2
Let a(d) = 3*d**3 + 6*d**2 - 6*d - 13. Let p(h) = 5*h**3 + 13*h**2 - 12*h - 26. Let v(w) = -7*a(w) + 4*p(w). Calculate the remainder when v(9) is divided by 8.
6
Let l(p) = p - 9. Let o be l(11). Let f = 7 - o. What is the remainder when 12 is divided by f?
2
Suppose -h + 33 = 5*a + h, h = -3*a + 19. Suppose -4*q + 248 = 3*y, a*q + 4*y = 2*q + 186. Let v = 23 - 7. Calculate the remainder when q is divided by v.
14
Suppose 12*a - 9*a = 57. Calculate the remainder when 92 is divided by a.
16
Let r(l) = -l**2 + 7*l - 6. Let o be r(5). Suppose 2*a - 4*b - 10 = -5*b, 0 = -5*a + o*b + 38. Let y = -2 + a. What is the remainder when y is divided by 3?
1
Suppose 0*d + 3 = 3*d. Let t(v) = v**3 - 8*v**2 + 6*v + 10. Let q be t(7). Let p = q - d. What is the remainder when p is divided by 1?
0
Let q(b) = 1 + 3*b + 2 - b**2 - 2. Calculate the remainder when (6/(-15))/(2/(-10)) is divided by q(3).
0
Let k be (-8 - -10)*(-151)/(-2). Suppose 0*y = -3*y + 5*x + k, -2*x = 4. What is the remainder when y is divided by 16?
15
Let r(c) be the third derivative of c**4/24 + 7*c**3/6 - c**2. Let w(y) = y**2 - 6*y + 14. Let s be w(4). Calculate the remainder when 51 is divided by r(s).
12
Suppose -s - 3*m = -5, -50 = -4*s + 2*s + 4*m. Calculate the remainder when 28 is divided by s.
11
Let b(p) = -p**2 + 7*p + 10. Let u be b(8). Suppose r + 9 = 3*r + 3*d, u*r - d = 21. Suppose 2*q - 5 - 29 = 0. Calculate the remainder when q is divided by r.
8
Suppose -4*b + 133 = 3*o - 33, 4*o + 4*b = 220. What is the remainder when o is divided by 28?
26
Suppose 2*d - 22 = -3*v - 3*d, v + 5*d - 14 = 0. Suppose 2 = 2*t - 12. What is the remainder when t is divided by v?
3
Let l = -32 - -59. Calculate the remainder when l is divided by 15.
12
Let p = 83 - 71. What is the remainder when 31 is divided by p?
7
Let y = -2 + 25. Calculate the remainder when y is divided by (1 + (-10)/6)*-9.
5
Let i be 2*(-2)/8*-58. Suppose -11 = -5*n + i. Calculate the remainder when 14 is divided by n.
6
Let o = 18 - 13. Suppose -5*i = 3*u - 70, 3*u - 80 = -o*i - 2*u. What is the remainder when 21 is divided by i?
10
What is the remainder when 4/(-10) - (-201)/15 is divided by 5?
3
Let m(b) = -b**3 - 4*b**2 + 4*b - 7. Let d be m(-5). Calculate the remainder when ((-82)/6 - d)*-3 is divided by 18.
17
Let v = -7 + 5. Let y(k) = -21*k. What is the remainder when y(v) is divided by 22?
20
Let y = -6 + 2. What is the remainder when 2 is divided by (2 - (-10)/y)*-4?
0
What is the remainder when 44 is divided by -1 + 0 + 12 + -2 + 6?
14
Let w(q) = q**3 + 4*q**2 + 2*q + 7. Calculate the remainder when 28 is divided by w(-3).
8
Let j(t) = t**2 + 5*t - 7. Calculate the remainder when 63 is divided by j(3).
12
Suppose 4*z - 8 = -4. What is the remainder when z is divided by 1?
0
Let n = -10 + 28. Calculate the remainder when n is divided by 5.
3
Let z(o) = o**2 - 3. Calculate the remainder when z(5) is divided by 13.
9
What is the remainder when 35 is divided by (-9)/(-15)*(9 - (-5 + 4))?
5
Suppose -2*v + 3*v = 17. Calculate the remainder when v is divided by 6.
5
Let f = 26 + -38. Let z = 11 + 0. Calculate the remainder when (-381)/f - (-1)/4 is divided by z.
10
Suppose 6*y + 10 = 4*v + 4*y, 4*v = -3*y + 5. Let u(a) = 2*a**2 + 1. Calculate the remainder when u(-1) is divided by v.
1
Suppose 252 + 108 = 4*t. What is the remainder when t is divided by 31?
28
Calculate the remainder when (92/(-3) - -1)*(33 + -36) is divided by 16.
9
Suppose 9*m - 84 = 2*m. Calculate the remainder when 20 is divided by m.
8
Let q(o) = -2*o. Let t be q(-2). Suppose 24 = t*n + 2*w, -5*n = -2*w - 3*w. Calculate the remainder when 1/n + 615/20 is divided by 8.
7
Let k(u) = 2*u**2 + u + 9. Let f(l) = l**2 + l + 9. Let r(q) = 3*f(q) - 2*k(q). What is the remainder when r(0) is divided by 4?
1
Let h(p) = -p**2 - 3*p + 11. Calculate the remainder when 31 is divided by h(0).
9
Let m = 263 - 157. What is the remainder when m is divided by 36?
34
Suppose -3*p = 18 - 57. Let a be 26/(-10) - 3/(-5). What is the remainder when -25*(4/2)/a is divided by p?
12
Let n(g) = -g**3 - 6*g**2 + 6*g - 7. Let y be n(-7). Suppose y = -m + 3*m - 4. Suppose -2*r + m = -2. Calculate the remainder when 3 is divided by r.
1
Let s(x) = -x**3 + 4*x**2 - x - 3. Let r be s(3). Suppose -2*y - y - r = 0. Let h(b) = 12*b**2 + 2*b + 1. What is the remainder when 21 is divided by h(y)?
10
Suppose v = -1 - 0. Let x be (6 - 7)*(v + -1). Suppose l + a - 17 = -x*l, 0 = -l + a + 3. Calculate the remainder when 14 is divided by l.
4
Suppose 69 = 3*n + 5*v, -2*v = 5*n + v - 115. What is the remainder when n is divided by 8?
7
Let o = -108 + 152. Calculate the remainder when o is divided by 9.
8
Let m = -10 - -14. What is the remainder when (-2 - -14) + -2 + -1 is divided by m?
1
Let d(c) = -5*c + 1. Let g be ((-6)/3 - -1)*-7. Let v = 4 - g. What is the remainder when d(v) is divided by 9?
7
Suppose 18*z = 13*z + 35. What is the remainder when z is divided by 4?
3
Let l = -42 - -75. Let z(b) = b**2 - 8*b + 9. Suppose 4 = -2*m - 5*v, -3*m + v + 32 = -v. Calculate the remainder when l is divided by z(m).
6
Let a be (-6)/4*(-2)/3. Let o = -2 + a. Let w = o + 17. Calculate the remainder when w is divided by 9.
7
Suppose -3*s = 3*i - 129, -s - 8 = -5*s. What is the remainder when i is divided by 6?
5
Suppose 4*f - 15 = 3*f. Suppose 17 + 22 = 3*w. Suppose -5*q + 27 = -w. Calculate the remainder when f is divided by q.
7
Let t(u) = u + 12. Let o be t(11). Let m = 16 + o. What is the remainder when m is divided by 10?
9
Suppose -c = c + 40. Let o = -10 - c. What is the remainder when 14 is divided by 50/6 - o/30?
6
Let l = -12 + 19. Calculate the remainder when 12 is divided by l.
5
Let l(j) = 7*j + 92. What is the remainder when ((-26)/(-6))/((-1)/(-3)) is divided by l(-12)?
5
Let v = -11 - -23. Suppose 3*q - 338 - 13 = 0. Suppose -5*y - q = -4*j, 7*y - 2*y - 90 = -5*j. Calculate the remainder when j is divided by v.
11
Let k(a) = -a**3 + 4*a**2 + 3*a + 7. Let p be k(5). Calculate the remainder when p/5 + 36/10 is divided by 3.
0
Let l = -62 - -123. Suppose -5*q + l = -9. What is the remainder when 26 is divided by q?
12
Suppose 14*p + 4 - 158 = 0. Calculate the remainder when 43 is divided by p.
10
Let x(c) = -c**3 - 7*c**2 + 10*c - 1. Let u be x(-8). Let b = u - -25. Suppose -60 = -4*y - b. Calculate the remainder when 24 is divided by y.
11
Let o(s) = 5*s**2 + s - 1. What is the remainder when o(1) is divided by 4?
1
Let r(p) be the first derivative of p**4/4 - 5*p**3/3 + p**2/2 + 6*p + 3. Let z be r(5). Let v = -7 + z. What is the remainder when 7 is divided by v?
3
Suppose 5*i = 2*i + 366. Suppose 0 = -2*h + y - 3*y + i, 3*h - 143 = 5*y. What is the remainder when h is divided by 19?
18
Suppose -5*a = 14*c - 15*c + 32, -a - 112 = -5*c. What is the remainder when c is divided by 1/4 + (-46)/(-8)?
4
Suppose -10*g - 240 = -25*g. What is the remainder when 380/6 + (-2)/6 is divided by g?
15
Let q(h) = h**2 - 2*h - 6. Calculate the remainder when q(-7) is divided by 15.
12
Let t = -4 - -10. Suppose 0 = -0*k - 3*k - 5*l + 37, -4 = 4*l. Calculate the remainder when k is divided by t.
2
Suppose -2*y - 8 = -0, 3*c - y = 31. Calculate the remainder when (31 + 2)*(-2 - -3) is divided by c.
6
What is the remainder when (-1 + 3)*(-445)/(-10) is divided by 47?
42
Let v(a) = -4*a - 7. Let s be v(7). Let b = -13 - s. What is the remainder when b is divided by 8?
6
Suppose 0 = -3*y + y + 2*d + 12, 0 = 4*y + 4*d + 16. Suppose -3*f - 7 - 6 = -x, -4*x + 5*f = -24. Calculate the remainder when x is divided by y.
0
Suppose -3*f = 2*f - 35. What is the remainder when 18 is divided by f?
4
Let p(n) = -n**3 + 15*n**2 - 4*n - 3. Let d be p(11). What is the remainder when 48 is divided by d/38 + 3/2?
9
Suppose 3*t + 3*c + 27 = 3, -2*c + 8 = -4*t. Calculate the remainder when (-150)/(-8) - 1/t is 